 699?
45
Calculate -19 + 42 + -9 - (31 + 3).
-20
What is the value of (3 - (0 + (6 - 13) - (2 + -4))) + 42?
50
Calculate -96 + (-23 - -135) - (-4 - -136 - -6).
-122
Evaluate 29 + (0 - 35) - (-1 - 0) - 32.
-37
What is the value of -2 + -21 + -45 + (38 - 24)?
-54
-12 - -1 - (112 + 40 + -71)
-92
Calculate -1 - 10 - (2 + 1 + (58 - 63)).
-9
What is the value of -97 + 199 + -123 - (-26 - 0)?
5
-1 + (-1 - 12 - (97 - 87))
-24
-1 - -25 - (85 + -20 + -70)
29
What is the value of (52 - (-1 - 1)) + -3 - (51 + -44 + 1)?
43
Evaluate (-49 - 3) + 69 + 5 + -115.
-93
Calculate -3 + (15 - 5) - (32 - 6).
-19
-8 + -6 + -32 + -26 + (-8 - 1)
-81
What is the value of (-5 - 5) + -19 + -13?
-42
Evaluate (984 - 1112) + (0 - 4) + 34.
-98
What is 11 + -9 + (2 - -12 - 17)?
-1
(-13 + (1 - -19) - 117) + -7
-117
Calculate -99 + (24 - (3 + -10)) + -13.
-81
What is the value of (17220 - 17215) + 1 + 2 + (2 - -7)?
17
Evaluate 47 + (-112 - (-83 + 60)).
-42
What is 35 - (0 - -47 - 37)?
25
What is the value of (5 + -54 - -66) + -22?
-5
What is -68 + 37 - (-5 + -5 - 13)?
-8
What is 185 + -54 + (-9 - (-11 - (4 - 10)))?
127
73 + -16 + -35 + (-6 - -1)
17
What is the value of -32 + 108 + (17 - 7) + (-23 - -6)?
69
Calculate 60 + -72 - -161 - 70.
79
Calculate (-3 - (-11 + 11)) + (-17 + 27 - 0).
7
What is 0 - (-1 + -6 + (-56 - (-42 - -34))) - 2?
53
Calculate -1 + 125 + 1 - (20 + 9 + 265 + -292).
123
36 + (4 - (-72 - -120))
-8
-2 - 15 - -51 - 19 - 5
10
Calculate -75 + 92 - -8 - (12 + -2).
15
37 - ((11 - 24) + 7) - 24
19
-106 + -98 + 94 + -33
-143
Calculate (-32 - (101 - 139)) + (1 - 7).
0
What is the value of -15 + (0 - 7) + -239 + 245 + 10?
-6
What is 81 - (25 + -36) - 82?
10
What is 35 + (-30 - -10) + -2 + -44 + -1 + 0?
-32
Calculate 1 + 1 + 5 + -24 + 49 + 2.
34
Evaluate 3 - -5 - (-13 + (92 - 108 - (-34 + -1))).
2
Evaluate -19 + (-1 - (6 - 13)) - (8 - 107).
86
What is 1556 - 1539 - (-1 + 0 + 21)?
-3
(42 + -8 - 31) + -20 + -2
-19
What is (-66 + 57 - (4 - -23)) + 19?
-17
What is the value of 38 - (4 + (-5 - -3) - (-26 - -35))?
45
Evaluate (13 - (-6 - -20) - 16) + -9 + -18.
-44
Calculate 14 + (-17 - -20) + (8 - 6 - 2) + -10.
7
Evaluate -66 + 0 + 15 - -21.
-30
Calculate -1 - -15 - (35 + (-122 - -43 - -43)).
15
Evaluate (-1 - 6 - (3 - (6 - -12))) + -46 + -11.
-49
Calculate 55 + 5 - (-6 - (-2 + 6) - -1 - 0).
69
What is the value of 85 + -204 + 233 + 5 + -5 + -11?
103
-24 + (-27 + 24 - (-1 + -13))
-13
(2 + -10 - ((-1 - -13) + -25 + 13)) + -5
-13
(19 - -16) + 97 + -28
104
What is 4 + -56 + 86 + -21?
13
Calculate (-79 - -1) + 29 + -60 + 41.
-68
What is the value of 24 - (35 + 25 + (30 - 122))?
56
Calculate 29 - (-7 + -16 - 0 - (-10 + -3)).
39
93 + -45 - (19 - -71)
-42
Evaluate 0 + -40 + 56 - (0 - -112) - (-6 + 18).
-108
What is (-26 - 63) + (74 - -10)?
-5
11 - (-60 + 72) - 45
-46
Calculate -179 - (-35 + -92 - -82).
-134
What is -41 - (-28 - -26) - -47 - (-18 + 0 + 1)?
25
91 - (-18 + 79 + -50 - (1 - (-3 - -1)))
83
38 - (3 + (-68 - -56))
47
-52 - (-56 + -28 - 23)
55
What is -8 + 1 + 0 - ((24 - (8 + 151)) + -7)?
135
Evaluate -3 + -7 + 14 + (-21 - -10) - 38.
-45
Evaluate (11 - (-8 + 34)) + 5 + -43.
-53
What is the value of (12 - 13) + (2 - -37) + -19?
19
What is -35 + 52 - (111 - (38 + -28))?
-84
What is -20 - 13 - (-20 + -3 + 11 - -9)?
-30
What is the value of -13 - (-36 - 16 - 39)?
78
Calculate 88 - (14 + 5 + -9 - (6 - -10) - -5).
89
What is the value of -10 - 0 - (36 - (12 + -16 + 23 + -25))?
-52
Evaluate 28 - (32 + -25 + 75).
-54
Calculate 20 - -1 - 11 - ((33 - 36) + -8 + 0).
21
What is -2 + 63 + 160 + (11 - 184)?
48
What is the value of -7 + (5 - -6) + -18 + 14?
0
(-68 - (29 + -71)) + 11
-15
Evaluate -638 - -691 - (3 - -18).
32
What is -71 + 69 + -40 + 8 + -57?
-91
-304 + 367 - (25 - -48)
-10
0 + -14 - (273 - 372) - (5 - -3)
77
85 + -41 + (-15 - -19)
48
-14 - (-18 + -28 + 16) - (2 - -1) - 51
-38
(-1 - (2 + -2 + -9)) + (-601 - -601)
8
Calculate (-174 - -218) + (5 - (0 - (-7 - -4))) + -2.
44
Calculate -2 + -6 + 3 + -3 + (164 + -33 - 2).
121
Evaluate 19 + (4 - 13) + -8 + 11 - (3 + 59).
-49
-9 + 0 - (1216 + -1227 + (0 - 30))
32
What is 6 - (-13 + 27 - (-1 + 42))?
33
What is -129 + 84 + (-1 - 2 - -14)?
-34
Evaluate (-316 - -315 - (-3 + 0 + (-5 - -1))) + -26.
-20
What is the value of -22 + (20 - 3) - (-22 + 4)?
13
What is (119 + -116 - (-22 - (-11 - -9))) + 20?
43
Evaluate -29 + 18 + -3 + 4 + (-11 - 35).
-56
(-14 - 1) + 0 - 5 - (2040 + -1925)
-135
1 + 55 - (5 + 18 + -3)
36
What is 2 - 25 - (61 + (80 - 71))?
-93
What is -17 - (9 + -30 + 6 - 28)?
26
What is (6 - -3) + -8 + (-80 - (26 + -10 - 13))?
-82
70 + -112 + 38 + (-1 - (0 - -24))
-29
(-73 - 94) + 46 - (2 + -1 + 3 - 0)
-125
Calculate 1 - -1 - (-58 - -55 - -12 - (2 + 87)).
82
What is -28 + -31 + 35 - -26?
2
What is 1 + -19 - (-21 + -66 + 24)?
45
What is the value of -16 - 1 - (4 - (40 + (-8 - 21)))?
-10
Evaluate (-1 - 58) + -3134 + 3200.
7
(16 - (7 + 17) - (1 - 1)) + 60 + -2
50
What is the value of -13 + (-13 - (2 + -22 + 96 + -105)) - -2?
5
104 + -61 + (15 - 99)
-41
Calculate -3 - (-4 - (-3 - -1) - (-27 - -32)).
4
Calculate 40 + -40 + (-5 - (-5 - 43)) + -10.
33
What is 69 + 9 + -123 + 75 + 19 + 0?
49
(1 - -5) + -76 + (164 - 83)
11
Calculate (19 + 63 - 79) + -63.
-60
What is the value of (-3 + 2 - 22) + (-1508 - -1574)?
43
Calculate -6 - ((0 - (-6 + 26) - (17 + -27)) + 6).
-2
(39 - (45 + -22 - 9)) + -76
-51
Evaluate -11 + -9 + (-6 - 10 - -13).
-23
-12 - (4529 + -4508 + -1 + 1)
-33
Calculate 0 - (-14 - ((65 - (-56 + 120)) + (-10 - -1))).
6
-53 + -79 + 99 - -78
45
(2320 - 2328) + ((0 - 2) + 62 - -1) + 4
57
What is the value of 16 - (-20 - -44) - (37 - 10)?
-35
What is ((2 - -25) + -11 - -24) + 2?
42
Calculate 62 + (-150 - -85) + 53.
50
What is (-22 + -1 - -18) + (-96 - (12 + -11))?
-102
Calculate -76 - (-63 - 33) - (5 - -2).
13
Evaluate 65 + 2 + -2 + -5 + -19.
41
What is the value of (24 - (-11 + 13 + 0 + 8)) + 37 - 7?
44
Calculate -65 + -25 - -124 - 66.
-32
What is -42 - (-74 + 32) - (54 + -2 + -1)?
-51
(-9 - 3 - (2 + (4 - -94))) + (-1 - 0)
-113
What is the value of (5778 - 5690) + -49 + 1?
40
What is 29 - ((64 - -19) + 7)?
-61
Calculate -16 + 0 + (-66 - (-9 + -44)).
-29
-4629 + 4675 + (0 + -3 + 0 - -16)
59
Calculate 23 - (42 + -102 + 33).
50
Evaluate (35 + -124 - 57) + 39.
-107
What is 127 + (-23 + -92 - -50)?
62
What is -460 - -497 - (-14 + 2)?
49
What is 18 - (-46 + (-69 - -102))?
31
4 + (11 - 5 - (15 + (-3 + 9 - -1)))
-12
Evaluate (56 - 113) + -13 - (31 - -3).
-104
-32 + -24 + 28 - 12
-40
What is (7 - 21) + 36 + (-44 - -60)?
38
What is 7 + (-20 - (10 + 21 + -15))?
-29
Calculate -6 - ((18 + -44 - -7) + (1 - -10)).
2
Evaluate 30 - (42 - -5) - (20 - 4).
-33
What is the value of 19 + (-46 - (31 - (9 - -9)))?
-40
Calculate -285 + 284 - (9 - (2 + -3) - (-1 + 3)).
-9
Evaluate (25 - 2) + 7 - 58.
-28
What is the value of -44 - (0 + -3 + (10 - 6) + -9 - -16)?
-52
Calculate 10497 + -10511 - (-2 - (1 - 46) - -1).
-58
What is -2 - -11 - (57 + (-26 + 11 - -22) + -9)?
-46
What is the value of 15 + -25 + (47 - 27) - -27?
37
What is -146 - -133 - (3 + 0)?
-16
What is the value of 0 + (3 + (7 - 0) - (-117 + 37))?
90
Calculate (-61 - 1) + (26 - 67 - -14 - -6).
-83
Evaluate (16 - 7) + (25 - (-8 + 73)).
-31
(-17 - -29 - -15) + 22
49
What is the value of (142 - -13 - 42) + -18 + 8?
103
Evaluate -20 + -42 + (4 - -27).
-31
What is (68 - 20) + 7 + (-1 - -5 - -1)?
60
Evaluate (-3 - -1) + -1 + (-3520 - -3515).
-8
-108 + (181 - 38) + 52
87
Evaluate -10 - (29 - ((-70 - -27) + 119)).
37
What is the value of (75 - 48) + -9 + (-5 - (-32 + -5))?
50
Evaluate 55 + -51 + -24 - (2 + 0 + 7).
-29
What is the value of -1 + 26 + (-280 - -440 - 267)?
-82
What is the value of 101 + -70 - 79 - -38 - (-16 - -1)?
5
(4 - (9 - (2 + 5))) + -2 - -98
98
Evaluate -26 + (-17 - (9 + -1 - 45 - -13)).
-19
What is the value of -39 - (2 + (2 - ((-18 - (3 + -19)) + 15)))?
-30
Evaluate -33 - (54 + -36 + (-3 - -1)).
-49
(51 + 1 - 2) + (1296 - 1314)
32
Calculate 31 - ((-1 + -68 - -13) + 20).
67
What is -26 + (47 - (79 + -54))?
-4
Evaluate 3 + -8 + 0 + (78 - 88) + (19 - -4).
8
30 - 47 - (10 + -4 - 67)
44
What is the value of 1 + 3 + (-50 - (-6 - (-13 + 5 - 4)))?
-52
What is -20 + (46 - -2) - 46?
-18
Calculate 35 + (26 - (30 - 14)) + 24.
69
Calculate 25 - 3 - (9722 - 9716 - (0 - (5 - 0))).
11
Evaluate (-73